digit of 1166418?
1
What is the units digit of 795106?
6
What is the thousands digit of 4963261?
3
What is the units digit of 94743?
3
What is the hundreds digit of 660583?
5
What is the ten thousands digit of 1443481?
4
What is the ten thousands digit of 2258353?
5
What is the hundreds digit of 1942456?
4
What is the hundreds digit of 33481631?
6
What is the ten thousands digit of 15279549?
7
What is the hundreds digit of 530696?
6
What is the ten millions digit of 15035711?
1
What is the hundreds digit of 6823558?
5
What is the hundred thousands digit of 9826487?
8
What is the hundred thousands digit of 344834?
3
What is the thousands digit of 334748?
4
What is the tens digit of 5405584?
8
What is the thousands digit of 124836?
4
What is the millions digit of 32442178?
2
What is the ten millions digit of 13794330?
1
What is the tens digit of 4564462?
6
What is the tens digit of 4963136?
3
What is the thousands digit of 20888335?
8
What is the ten thousands digit of 31621203?
2
What is the hundred thousands digit of 846867?
8
What is the tens digit of 468585?
8
What is the hundreds digit of 853212?
2
What is the hundreds digit of 15130721?
7
What is the units digit of 2075251?
1
What is the tens digit of 6651461?
6
What is the thousands digit of 157211?
7
What is the thousands digit of 15567938?
7
What is the ten thousands digit of 11360621?
6
What is the hundred thousands digit of 1518890?
5
What is the tens digit of 4833343?
4
What is the ten thousands digit of 165874?
6
What is the thousands digit of 948430?
8
What is the millions digit of 7020959?
7
What is the thousands digit of 26196521?
6
What is the hundreds digit of 9768118?
1
What is the ten thousands digit of 4012602?
1
What is the tens digit of 2470524?
2
What is the units digit of 771801?
1
What is the thousands digit of 2513008?
3
What is the units digit of 666328?
8
What is the hundreds digit of 453952?
9
What is the millions digit of 1277351?
1
What is the thousands digit of 1262608?
2
What is the hundreds digit of 2788903?
9
What is the ten thousands digit of 9062577?
6
What is the hundred thousands digit of 15198512?
1
What is the ten thousands digit of 917272?
1
What is the hundred thousands digit of 337950?
3
What is the units digit of 8057182?
2
What is the tens digit of 571716?
1
What is the hundreds digit of 531243?
2
What is the hundred thousands digit of 532614?
5
What is the ten thousands digit of 73903?
7
What is the hundreds digit of 401922?
9
What is the units digit of 11830516?
6
What is the tens digit of 83552?
5
What is the thousands digit of 2787638?
7
What is the millions digit of 8175937?
8
What is the hundred thousands digit of 344109?
3
What is the thousands digit of 325854?
5
What is the tens digit of 5827532?
3
What is the tens digit of 83109?
0
What is the hundred thousands digit of 199193?
1
What is the tens digit of 5313808?
0
What is the ten thousands digit of 2776981?
7
What is the hundreds digit of 9735306?
3
What is the hundred thousands digit of 1323062?
3
What is the ten thousands digit of 46089?
4
What is the thousands digit of 3473398?
3
What is the thousands digit of 51059?
1
What is the tens digit of 1121982?
8
What is the tens digit of 469194?
9
What is the hundred thousands digit of 5535022?
5
What is the hundreds digit of 2323195?
1
What is the units digit of 275294?
4
What is the ten thousands digit of 1320229?
2
What is the ten thousands digit of 309334?
0
What is the tens digit of 25081955?
5
What is the ten thousands digit of 83633?
8
What is the hundreds digit of 61472?
4
What is the hundreds digit of 1142913?
9
What is the hundreds digit of 32631?
6
What is the thousands digit of 131493?
1
What is the units digit of 260444?
4
What is the thousands digit of 783151?
3
What is the units digit of 220951?
1
What is the ten millions digit of 10189823?
1
What is the units digit of 18862823?
3
What is the ten thousands digit of 29000?
2
What is the tens digit of 2853419?
1
What is the hundreds digit of 1226770?
7
What is the ten thousands digit of 1802919?
0
What is the hundred thousands digit of 6853503?
8
What is the tens digit of 4026?
2
What is the hundreds digit of 8419228?
2
What is the thousands digit of 80477?
0
What is the hundred thousands digit of 13454477?
4
What is the millions digit of 6175774?
6
What is the hundred thousands digit of 16064250?
0
What is the ten thousands digit of 474675?
7
What is the hundred thousands digit of 193755?
1
What is the tens digit of 906211?
1
What is the hundreds digit of 2303718?
7
What is the units digit of 108042?
2
What is the units digit of 728794?
4
What is the thousands digit of 216717?
6
What is the ten thousands digit of 19764?
1
What is the hundreds digit of 547304?
3
What is the units digit of 16030432?
2
What is the thousands digit of 24669487?
9
What is the ten thousands digit of 4264679?
6
What is the ten thousands digit of 2211034?
1
What is the units digit of 22164368?
8
What is the thousands digit of 749803?
9
What is the tens digit of 12812407?
0
What is the units digit of 808277?
7
What is the units digit of 20344705?
5
What is the hundred thousands digit of 453247?
4
What is the tens digit of 4100045?
4
What is the units digit of 124727?
7
What is the units digit of 10313146?
6
What is the units digit of 14108?
8
What is the ten millions digit of 18851222?
1
What is the hundreds digit of 2830089?
0
What is the ten thousands digit of 263048?
6
What is the hundreds digit of 706320?
3
What is the thousands digit of 9278815?
8
What is the units digit of 7220?
0
What is the hundred thousands digit of 7461468?
4
What is the thousands digit of 1666271?
6
What is the thousands digit of 191890?
1
What is the millions digit of 2338552?
2
What is the tens digit of 412871?
7
What is the ten thousands digit of 72272?
7
What is the hundreds digit of 4888238?
2
What is the ten thousands digit of 4053210?
5
What is the thousands digit of 461644?
1
What is the ten thousands digit of 1513303?
1
What is the ten thousands digit of 1262664?
6
What is the units digit of 569834?
4
What is the ten millions digit of 15906597?
1
What is the hundred thousands digit of 864399?
8
What is the thousands digit of 4749533?
9
What is the hundreds digit of 7348751?
7
What is the millions digit of 4239155?
4
What is the ten thousands digit of 11700104?
0
What is the hundred thousands digit of 1313235?
3
What is the hundred thousands digit of 1240140?
2
What is the millions digit of 6691506?
6
What is the tens digit of 917550?
5
What is the hundreds digit of 1800969?
9
What is the units digit of 3117281?
1
What is the millions digit of 3107026?
3
What is the units digit of 857001?
1
What is the ten thousands digit of 3825323?
2
What is the tens digit of 2176321?
2
What is the hundred thousands digit of 4006713?
0
What is the tens digit of 8039796?
9
What is the ten thousands digit of 296406?
9
What is the ten millions digit of 12087065?
1
What is the tens digit of 858058?
5
What is the ten thousands digit of 7182254?
8
What is the units digit of 184962?
2
What is the hundreds digit of 21534381?
3
What is the hundreds digit of 1923662?
6
What is the ten thousands digit of 226605?
2
What is the units digit of 440812?
2
What is the tens digit of 7075651?
5
What is the tens digit of 242746?
4
What is the hundreds digit of 10760071?
0
What is the units digit of 466530?
0
What is the units digit of 84634?
4
What is the ten thousands digit of 122967?
2
What is the ten thousands digit of 346857?
4
What is the hundred thousands digit of 2481704?
4
What is the hundreds digit of 430279?
2
What is the ten millions digit of 28424654?
2
What is the hundreds digit of 163189?
1
What is the tens digit of 3161536?
3
What is the hundreds digit of 21530?
5
What is the hundred thousands digit of 115032?
1
What is the hundreds digit of 852679?
6
What is the ten millions digit of 19544588?
1
What is the hundreds digit of 5314?
3
What is the ten thousands digit of 720006?
2
What is the thousands digit of 67759?
7
What is the thousands digit of 7414694?
4
What is the ten thousands digit of 407547?
0
What is the ten thousands digit of 1013220?
1
What is the thousands digit of 2045703?
5
What is the ten thousands digit of 299890?
9
W